{"id":61,"date":"2019-03-11T21:54:45","date_gmt":"2019-03-11T21:54:45","guid":{"rendered":"http:\/\/pdl.com.tr\/?page_id=61"},"modified":"2019-03-11T21:54:45","modified_gmt":"2019-03-11T21:54:45","slug":"endustriyel-yaglar","status":"publish","type":"page","link":"http:\/\/cizge.com.tr\/index.php\/tr\/endustriyel-yaglar\/","title":{"rendered":"END\u00dcSTR\u0130YEL YA\u011eLAR"},"content":{"rendered":"<p><div class=\"fusion-fullwidth fullwidth-box fusion-builder-row-1 fusion-flex-container nonhundred-percent-fullwidth non-hundred-percent-height-scrolling\" style=\"--awb-border-radius-top-left:0px;--awb-border-radius-top-right:0px;--awb-border-radius-bottom-right:0px;--awb-border-radius-bottom-left:0px;--awb-flex-wrap:wrap;\" ><div class=\"fusion-builder-row fusion-row fusion-flex-align-items-flex-start fusion-flex-content-wrap\" style=\"max-width:1248px;margin-left: calc(-4% \/ 2 );margin-right: calc(-4% \/ 2 );\"><div class=\"fusion-layout-column fusion_builder_column fusion-builder-column-0 fusion_builder_column_1_3 1_3 fusion-flex-column\" style=\"--awb-bg-size:cover;--awb-width-large:33.333333333333%;--awb-margin-top-large:0px;--awb-spacing-right-large:3.8399999999999%;--awb-margin-bottom-large:20px;--awb-spacing-left-large:5.76%;--awb-width-medium:33.333333333333%;--awb-spacing-right-medium:3.8399999999999%;--awb-spacing-left-medium:5.76%;--awb-width-small:100%;--awb-spacing-right-small:1.92%;--awb-spacing-left-small:1.92%;\"><div class=\"fusion-column-wrapper fusion-flex-justify-content-flex-start fusion-content-layout-column\"><\/div><\/div><div class=\"fusion-layout-column fusion_builder_column fusion-builder-column-1 fusion_builder_column_2_3 2_3 fusion-flex-column\" style=\"--awb-bg-size:cover;--awb-width-large:66.666666666667%;--awb-margin-top-large:0px;--awb-spacing-right-large:2.88%;--awb-margin-bottom-large:20px;--awb-spacing-left-large:3.84%;--awb-width-medium:66.666666666667%;--awb-spacing-right-medium:2.88%;--awb-spacing-left-medium:3.84%;--awb-width-small:100%;--awb-spacing-right-small:1.92%;--awb-spacing-left-small:1.92%;\"><div class=\"fusion-column-wrapper fusion-flex-justify-content-flex-start fusion-content-layout-column\"><div class=\"fusion-text fusion-text-1\"><h1>END\u00dcSTR\u0130YEL YA\u011eLAR<\/h1>\n<\/div><div class=\"fusion-text fusion-text-2\"><p>End\u00fcstriyel Ya\u011flar, \u00fcretimde kullan\u0131lan proses ya\u011flar\u0131 olup, uygulama alanlar\u0131,<\/p>\n<ul>\n<li>\n<h3>K\u00f6p\u00fck Kesiciler,<\/h3>\n<\/li>\n<li>\n<h3>Hot melt \u00fcretimde<\/h3>\n<\/li>\n<li>\n<h3>Deri ve Tekstil Kimyasallar\u0131nda<\/h3>\n<\/li>\n<li>\n<h3>Ayakkab\u0131 Taban\u0131 Gran\u00fcl \u00dcretiminde<\/h3>\n<\/li>\n<li>\n<h3>Kau\u00e7uk \u00dcretiminde<\/h3>\n<\/li>\n<li>\n<h3>TPE, TPU ve TPV \u00dcretiminde<\/h3>\n<\/li>\n<li>\n<h3>PE Compound \u00dcretiminde ve<\/h3>\n<\/li>\n<li>\n<h3>Dispersiyon Ajan\u0131 olarak Masterbach \u00dcretiminde<\/h3>\n<\/li>\n<\/ul>\n<p>kullan\u0131lan \u00f6zel <strong>Proses Ya\u011flar\u0131d\u0131r.<\/strong><\/p>\n<\/div><div class=\"fusion-text fusion-text-3\"><p><span style=\"color: #3c9dbe;\"><strong>End\u00fcstriyel Ya\u011flar\u0131m\u0131z:<\/strong><\/span><\/p>\n<ul>\n<li>\n<h3>PROSES YA\u011eLARI (TPE)<\/h3>\n<\/li>\n<li>\n<h3>G II \u2013 PARAF\u0130N\u0130K YA\u011eLAR<\/h3>\n<\/li>\n<li>\n<h3>KAU\u00c7UK YA\u011eLAR<\/h3>\n<\/li>\n<li>\n<h3>D\u0130SPERS\u0130YE AJANLARI<\/h3>\n<\/li>\n<li>\n<h3>SENTET\u0130K YA\u011eLAR<\/h3>\n<\/li>\n<li>\n<h3>TYRE OIL, NYTEX 4700<\/h3>\n<\/li>\n<li>\n<h3>BAZ YA\u011eLAR<\/h3>\n<\/li>\n<li>\n<h3>END\u00dcSTR\u0130YEL YA\u011eLAR<\/h3>\n<ul>\n<li><a href=\"http:\/\/cizge.com.tr\/wp-content\/uploads\/2020\/06\/Prodel_Turbo_32_TDS.pdf\" target=\"_blank\" rel=\"noopener noreferrer\">Prodel Turbo 32 TDS<\/a><\/li>\n<li><a href=\"http:\/\/cizge.com.tr\/wp-content\/uploads\/2020\/06\/Prodel_Turbine_Oil_Turbo_Series.pdf\" target=\"_blank\" rel=\"noopener noreferrer\">Prodel Turbine Oil Turbo Series<\/a><\/li>\n<li><a href=\"http:\/\/cizge.com.tr\/wp-content\/uploads\/2020\/06\/Prodel_Nyfrost_68_TDS.pdf\" target=\"_blank\" rel=\"noopener noreferrer\">Prodel Nyfrost 68 TDS<\/a><\/li>\n<li><a href=\"http:\/\/cizge.com.tr\/wp-content\/uploads\/2020\/06\/Prodel_Nyfrost_32_TDS.pdf\" target=\"_blank\" rel=\"noopener noreferrer\">Prodel Nyfrost 32 TDS<\/a><\/li>\n<li><a href=\"http:\/\/cizge.com.tr\/wp-content\/uploads\/2020\/06\/PRODEL_HYDROLUBE_TDS_EN.pdf\" target=\"_blank\" rel=\"noopener noreferrer\">PRODEL HYDROLUBE TDS EN<\/a><\/li>\n<li><a href=\"http:\/\/cizge.com.tr\/wp-content\/uploads\/2020\/06\/Prodel_Hydrolube_GII.pdf\" target=\"_blank\" rel=\"noopener noreferrer\">Prodel Hydrolube GII<\/a><\/li>\n<li><a href=\"http:\/\/cizge.com.tr\/wp-content\/uploads\/2020\/06\/Prodel_DIESEL_MOTOR_OIL_HD_SERIES.pdf\" target=\"_blank\" rel=\"noopener noreferrer\">Prodel DIESEL MOTOR OIL HD SERIES<\/a><\/li>\n<li><a href=\"http:\/\/cizge.com.tr\/wp-content\/uploads\/2020\/06\/PRODEL_DIESEL-_TDS_EN.pdf\" target=\"_blank\" rel=\"noopener noreferrer\">PRODEL DIESEL TDS EN<\/a><\/li>\n<li><a href=\"http:\/\/cizge.com.tr\/wp-content\/uploads\/2020\/06\/PRDL_TOP_GEAR_140.pdf\" target=\"_blank\" rel=\"noopener noreferrer\">PRDL TOP GEAR 140<\/a><\/li>\n<\/ul>\n<\/li>\n<\/ul>\n<\/div><\/div><\/div><\/div><\/div><div class=\"fusion-fullwidth fullwidth-box fusion-builder-row-2 fusion-flex-container hundred-percent-fullwidth non-hundred-percent-height-scrolling\" style=\"--awb-border-radius-top-left:0px;--awb-border-radius-top-right:0px;--awb-border-radius-bottom-right:0px;--awb-border-radius-bottom-left:0px;--awb-padding-top:2%;--awb-padding-bottom:6%;--awb-flex-wrap:wrap;\" ><div class=\"fusion-builder-row fusion-row fusion-flex-align-items-flex-start fusion-flex-content-wrap\" style=\"width:104% !important;max-width:104% !important;margin-left: calc(-4% \/ 2 );margin-right: calc(-4% \/ 2 );\"><div class=\"fusion-layout-column fusion_builder_column fusion-builder-column-2 fusion_builder_column_1_3 1_3 fusion-flex-column\" style=\"--awb-bg-size:cover;--awb-width-large:33.333333333333%;--awb-margin-top-large:0px;--awb-spacing-right-large:5.76%;--awb-margin-bottom-large:20px;--awb-spacing-left-large:5.76%;--awb-width-medium:33.333333333333%;--awb-spacing-right-medium:5.76%;--awb-spacing-left-medium:5.76%;--awb-width-small:100%;--awb-spacing-right-small:1.92%;--awb-spacing-left-small:1.92%;\"><div class=\"fusion-column-wrapper fusion-flex-justify-content-flex-start fusion-content-layout-column\"><\/div><\/div><div class=\"fusion-layout-column fusion_builder_column fusion-builder-column-3 fusion_builder_column_1_3 1_3 fusion-flex-column\" style=\"--awb-bg-size:cover;--awb-width-large:33.333333333333%;--awb-margin-top-large:0px;--awb-spacing-right-large:5.76%;--awb-margin-bottom-large:20px;--awb-spacing-left-large:5.76%;--awb-width-medium:33.333333333333%;--awb-spacing-right-medium:5.76%;--awb-spacing-left-medium:5.76%;--awb-width-small:100%;--awb-spacing-right-small:1.92%;--awb-spacing-left-small:1.92%;\"><div class=\"fusion-column-wrapper fusion-flex-justify-content-flex-start fusion-content-layout-column\"><\/div><\/div><div class=\"fusion-layout-column fusion_builder_column fusion-builder-column-4 fusion_builder_column_1_3 1_3 fusion-flex-column\" style=\"--awb-bg-size:cover;--awb-width-large:33.333333333333%;--awb-margin-top-large:0px;--awb-spacing-right-large:5.76%;--awb-margin-bottom-large:20px;--awb-spacing-left-large:5.76%;--awb-width-medium:33.333333333333%;--awb-spacing-right-medium:5.76%;--awb-spacing-left-medium:5.76%;--awb-width-small:100%;--awb-spacing-right-small:1.92%;--awb-spacing-left-small:1.92%;\"><div class=\"fusion-column-wrapper fusion-flex-justify-content-flex-start fusion-content-layout-column\"><\/div><\/div><\/div><\/div><\/p>\n","protected":false},"excerpt":{"rendered":"","protected":false},"author":1,"featured_media":0,"parent":0,"menu_order":0,"comment_status":"closed","ping_status":"closed","template":"","meta":{"footnotes":""},"class_list":["post-61","page","type-page","status-publish","hentry"],"_links":{"self":[{"href":"http:\/\/cizge.com.tr\/index.php\/wp-json\/wp\/v2\/pages\/61"}],"collection":[{"href":"http:\/\/cizge.com.tr\/index.php\/wp-json\/wp\/v2\/pages"}],"about":[{"href":"http:\/\/cizge.com.tr\/index.php\/wp-json\/wp\/v2\/types\/page"}],"author":[{"embeddable":true,"href":"http:\/\/cizge.com.tr\/index.php\/wp-json\/wp\/v2\/users\/1"}],"replies":[{"embeddable":true,"href":"http:\/\/cizge.com.tr\/index.php\/wp-json\/wp\/v2\/comments?post=61"}],"version-history":[{"count":0,"href":"http:\/\/cizge.com.tr\/index.php\/wp-json\/wp\/v2\/pages\/61\/revisions"}],"wp:attachment":[{"href":"http:\/\/cizge.com.tr\/index.php\/wp-json\/wp\/v2\/media?parent=61"}],"curies":[{"name":"wp","href":"https:\/\/api.w.org\/{rel}","templated":true}]}}